ctor of 13 and 11817?
13
What is the greatest common divisor of 65 and 5?
5
What is the greatest common factor of 77 and 21?
7
What is the greatest common divisor of 46 and 1058?
46
What is the greatest common divisor of 3978 and 234?
234
Calculate the highest common divisor of 375 and 525.
75
Calculate the highest common factor of 368 and 9016.
184
Calculate the greatest common divisor of 22 and 10571.
11
What is the highest common factor of 97 and 4656?
97
Calculate the highest common factor of 9 and 378.
9
Calculate the highest common divisor of 944 and 48.
16
Calculate the highest common divisor of 24 and 19164.
12
Calculate the greatest common divisor of 2175 and 225.
75
Calculate the highest common divisor of 12 and 3156.
12
Calculate the greatest common divisor of 1532 and 16.
4
What is the greatest common divisor of 9 and 68463?
9
Calculate the highest common divisor of 11 and 8261.
11
Calculate the greatest common divisor of 83152 and 16.
16
What is the greatest common factor of 16 and 400?
16
Calculate the greatest common divisor of 14 and 119518.
14
Calculate the greatest common factor of 22 and 209.
11
What is the greatest common factor of 735 and 1743?
21
Calculate the highest common factor of 182 and 1183.
91
What is the highest common factor of 355 and 10?
5
Calculate the greatest common divisor of 2 and 86.
2
Calculate the greatest common divisor of 63 and 216.
9
What is the greatest common divisor of 756 and 12?
12
What is the highest common divisor of 92 and 5980?
92
What is the greatest common divisor of 3 and 2?
1
Calculate the greatest common divisor of 3333 and 33.
33
What is the greatest common factor of 3031 and 7?
7
What is the greatest common factor of 1330 and 245?
35
Calculate the highest common divisor of 28 and 1792.
28
Calculate the greatest common factor of 30 and 60.
30
Calculate the highest common divisor of 3604 and 476.
68
What is the greatest common divisor of 34 and 595?
17
What is the greatest common divisor of 1430 and 21164?
286
Calculate the greatest common factor of 6 and 426.
6
Calculate the greatest common divisor of 45 and 25.
5
What is the greatest common factor of 24 and 318?
6
What is the greatest common factor of 854 and 105?
7
What is the highest common factor of 21 and 4683?
21
Calculate the greatest common divisor of 5642 and 31.
31
Calculate the highest common factor of 360 and 65.
5
Calculate the highest common divisor of 42 and 651.
21
Calculate the greatest common divisor of 108 and 8.
4
Calculate the greatest common divisor of 462 and 2112.
66
What is the greatest common divisor of 188 and 141?
47
Calculate the greatest common divisor of 161 and 1.
1
Calculate the greatest common factor of 1586 and 364.
26
What is the highest common divisor of 2358 and 18?
18
What is the highest common factor of 20 and 540?
20
What is the highest common factor of 1921 and 339?
113
What is the highest common divisor of 9169 and 53?
53
What is the highest common factor of 350 and 70?
70
Calculate the greatest common factor of 159 and 265.
53
Calculate the highest common divisor of 1335 and 3471.
267
Calculate the highest common divisor of 1524 and 5461.
127
What is the highest common factor of 654 and 12?
6
Calculate the highest common factor of 680 and 390.
10
Calculate the highest common divisor of 5968 and 16.
16
What is the highest common divisor of 588 and 7?
7
What is the greatest common divisor of 1747 and 1?
1
What is the greatest common factor of 14 and 448?
14
Calculate the highest common factor of 3281 and 17.
17
What is the greatest common factor of 1216 and 384?
64
Calculate the highest common factor of 99 and 264.
33
Calculate the greatest common factor of 35 and 1680.
35
Calculate the highest common factor of 1 and 16.
1
What is the greatest common divisor of 4 and 356?
4
What is the highest common divisor of 688 and 64?
16
What is the highest common factor of 888 and 2553?
111
What is the greatest common factor of 705 and 987?
141
Calculate the highest common factor of 180 and 96.
12
Calculate the greatest common divisor of 10 and 85.
5
What is the greatest common divisor of 252 and 108?
36
Calculate the highest common divisor of 2 and 86.
2
What is the greatest common factor of 376 and 8?
8
What is the highest common divisor of 231 and 132?
33
Calculate the highest common divisor of 2189 and 99.
11
What is the greatest common factor of 3587 and 17?
17
What is the highest common divisor of 21 and 33?
3
What is the highest common divisor of 2560 and 400?
80
What is the greatest common divisor of 64 and 2?
2
What is the greatest common divisor of 92 and 194?
2
Calculate the greatest common factor of 754 and 174.
58
What is the greatest common factor of 672 and 96?
96
Calculate the greatest common factor of 72 and 54.
18
What is the highest common factor of 13 and 1079?
13
What is the highest common factor of 114 and 190?
38
What is the greatest common factor of 14 and 154?
14
What is the highest common factor of 1505 and 5160?
215
What is the highest common factor of 3 and 185?
1
What is the highest common divisor of 3744 and 126?
18
What is the greatest common factor of 3008 and 1692?
188
Calculate the highest common divisor of 3965 and 130.
65
What is the greatest common divisor of 70 and 112?
14
Calculate the highest common divisor of 3052 and 2398.
218
What is the highest common factor of 1750 and 28?
14
Calculate the greatest common divisor of 241 and 6989.
241
Calculate the greatest common factor of 138 and 506.
46
What is the highest common factor of 18 and 12?
6
What is the highest common factor of 5888 and 64?
64
What is the highest common divisor of 23997 and 57?
57
What is the greatest common divisor of 5672 and 8?
8
What is the greatest common divisor of 45 and 230?
5
Calculate the highest common factor of 392 and 8.
8
What is the highest common factor of 11 and 1903?
11
Calculate the greatest common divisor of 515 and 5.
5
Calculate the highest common factor of 50 and 1750.
50
Calculate the highest common factor of 748 and 836.
44
Calculate the greatest common factor of 275 and 143.
11
What is the highest common divisor of 36 and 18?
18
Calculate the highest common divisor of 38 and 2318.
38
Calculate the greatest common factor of 66 and 5170.
22
What is the greatest common factor of 69 and 2438?
23
What is the highest common divisor of 9905 and 35?
35
Calculate the greatest common factor of 814 and 44.
22
What is the highest common factor of 77 and 1001?
77
What is the greatest common factor of 496 and 341?
31
Calculate the greatest common divisor of 556 and 16.
4
Calculate the highest common divisor of 16 and 40.
8
Calculate the highest common divisor of 806 and 39.
13
What is the greatest common divisor of 66 and 9?
3
What is the greatest common divisor of 9 and 108?
9
Calculate the highest common divisor of 629 and 37.
37
What is the greatest common factor of 172 and 12?
4
Calculate the greatest common divisor of 189 and 315.
63
Calculate the greatest common factor of 2380 and 160.
20
What is the highest common divisor of 18 and 576?
18
What is the highest common factor of 106 and 2173?
53
What is the highest common factor of 4 and 172?
4
What is the highest common factor of 12502 and 399?
133
Calculate the highest common factor of 51 and 48.
3
What is the greatest common factor of 66 and 3168?
66
What is the highest common divisor of 1328 and 14?
2
What is the greatest common factor of 152 and 1596?
76
What is the highest common divisor of 14 and 63?
7
Calculate the greatest common factor of 1041 and 15.
3
Calculate the greatest common factor of 221 and 117.
13
Calculate the greatest common divisor of 3741 and 258.
129
Calculate the highest common factor of 212 and 3286.
106
Calculate the greatest common divisor of 35 and 455.
35
What is the highest common factor of 1144 and 2392?
104
Calculate the greatest common factor of 10 and 26.
2
What is the greatest common factor of 33 and 3630?
33
Calculate the greatest common factor of 21 and 7.
7
What is the greatest common factor of 2850 and 57?
57
Calculate the highest common divisor of 192 and 420.
12
What is the highest common factor of 1122 and 132?
66
What is the highest common factor of 219 and 511?
73
Calculate the g